er?
True
Suppose -67 = -4*h + 3*b, -4*h - 3*b + 28 = -3*h. Suppose -5*q + 0*c - c = -91, h = q + c. Is (q/6)/(3/26) a prime number?
False
Suppose -4*w + 43*l - 40*l = -7375, 5*l - 9210 = -5*w. Is w a composite number?
True
Is -2*658/(-4) + 2 a prime number?
True
Suppose 15383 = 5*i + 3*v, -3*i - 5*v = 2*i - 15385. Is (i/(-8))/(1 - 11/10) composite?
True
Is (-2)/8 + 4/32*2074 a prime number?
False
Suppose g + 2 = 0, -2*d + 9865 + 22375 = 3*g. Is d prime?
False
Suppose -3*k = 3*n - 4545, -3*k - 737 = 5*n - 5290. Is k composite?
False
Suppose 2*q + 3667 = 5*k, 8*k - 5*k + 2*q - 2197 = 0. Suppose -5*i + 3977 = h + k, -4*i + 2*h = -2598. Is i a composite number?
True
Let s be (3039 - 3) + (0 - 0). Suppose 3*r - 1528 = r - 2*x, -s = -4*r + x. Suppose 3*q + y = 55 + 1083, 0 = 2*q + 2*y - r. Is q composite?
False
Let u = 1428 - -386. Is u a composite number?
True
Let w(c) = 7*c - 5. Let k be w(1). Let z = 63 + 18. Suppose z = j + k. Is j a composite number?
False
Suppose 129*x - 118*x - 54659 = 0. Is x a composite number?
False
Let u = 4716 + -1743. Is u composite?
True
Suppose 2*v - 6 = 2*u, u + 2*u = 4*v - 11. Suppose 3*b = -v*b + 25. Suppose b*a - 3*x - 158 = -2*x, 84 = 3*a + 3*x. Is a composite?
False
Suppose 45*f = 59*f - 37870. Is f a composite number?
True
Is (-68)/8*2148/(-6) composite?
True
Let k = 12574 - 8577. Suppose 0 = 2*l + 3*a + 2052, -a + 1116 = -5*l - k. Is ((-1)/3)/(11/l) prime?
True
Let p = 20370 - 997. Is p a composite number?
False
Let a(d) = d**3 - 17*d**2 + 15*d + 18. Let f be a(16). Let p(m) be the second derivative of 37*m**3/2 + m**2/2 + 3*m. Is p(f) a composite number?
False
Let i(u) = -3*u**3 + 3*u**2 + 3*u - 4. Let m be i(5). Let z = -109 - m. Suppose 510 - z = 6*b. Is b prime?
False
Let g be (-2 + 12)*3/5. Let k(v) = 63*v + 1. Let s be k(g). Suppose n = -2*x + 4*x + s, -2*n + 761 = -5*x. Is n prime?
True
Let z = -54 - 17. Let k be z*(-1)/((-1)/(-1)). Let v = k + -40. Is v a composite number?
False
Suppose 0 = 4*n + 4*z - 5260, -7*n + 5*n + 3*z + 2655 = 0. Let d = n - 247. Is d a composite number?
True
Let x(m) = -3380*m + 401. Is x(-12) prime?
True
Let x be (-8)/(-28) - 478/7. Let c = x + 161. Is c prime?
False
Suppose -5*q - 31235 = -d - 783584, -4*q = d - 601872. Is q composite?
True
Suppose 8*g + 217 = -823. Let y(c) = 24*c**2 + 4*c - 3. Let o be y(3). Let n = o - g. Is n composite?
True
Let x(r) = r**2 + r - 163. Let g be x(0). Let a = -18 - g. Is a composite?
True
Let h(c) = c**3 - 12*c**2 - 2*c + 83. Is h(18) a composite number?
True
Let t(w) = -3 + 516*w**2 + 5 + 202*w**2 + 6*w - 7*w. Is t(1) a composite number?
False
Suppose 2*w = 4*w + 254. Let j = w - -189. Is j/(-4)*-1*2 prime?
True
Let x be 3*(3 + 949 + 3). Suppose -2*t + t = -x. Is t/45*3*1 a prime number?
True
Let n(y) = y + 3. Let a be n(-3). Let u(w) be the third derivative of -w**5/60 + w**4/24 + 541*w**3/6 + 3*w**2. Is u(a) a composite number?
False
Let t be 3/(-7) - 36/63. Is 6/18*(t - -763) prime?
False
Let v be (-24)/16*4/(-3). Let c(k) = v + 3*k - 2*k**2 - 3*k**3 + 6*k**2 - 3*k**2. Is c(-3) a prime number?
True
Let a(w) = 8*w**2 - w + 4. Let m(v) = -v**2. Let t(h) = a(h) - 4*m(h). Suppose 0 = 5*k + 10, 3*k + 7 = -4*g - 11. Is t(g) a prime number?
False
Let p be (2 + -1)*296/(-4). Let t be (-1527)/12 - 2/(-8). Let n = p - t. Is n composite?
False
Is 5/(-15)*18518*(-15)/10 a prime number?
False
Let a(s) = -11*s**3 - 14*s**2 - 15. Is a(-8) composite?
False
Let o(g) = 5*g**2 + 12*g - 337. Is o(-28) a composite number?
True
Suppose 4*y + 21 = -5*s - 99, -60 = 2*y - 3*s. Let p = 34 + y. Is (-7830)/(-8) - (-1)/p a prime number?
False
Is 5 - -39*(5 + -4 + 7) a composite number?
False
Let x(j) be the second derivative of 5*j**4/12 + 5*j**3/6 - j**2/2 + 9*j. Is x(6) a composite number?
True
Let c = -338 + 838. Suppose 0*t - c = -5*t. Suppose -4*q + t = 2*o - 7*q, q = 2. Is o composite?
False
Suppose 0 = -3*g + 3, -4*u - 3*g - g + 1936 = 0. Suppose -u = -0*a - 7*a. Is a a composite number?
True
Suppose 8*x - 401396 = -118684. Is x a composite number?
False
Suppose 2*a - 148 = 4*x, -4*a + 4*x + 251 + 41 = 0. Suppose a*d + 2876 = 74*d. Is d prime?
False
Let b(c) be the first derivative of -5*c**2 + 3*c + 216. Let x be -3*1*15/9. Is b(x) prime?
True
Let j be (2/4)/(1/102). Suppose 13*w + 4*w = 2006. Let a = w - j. Is a a prime number?
True
Let x(l) = -9*l**3 - l**2 + 3*l + 31. Is x(-6) a prime number?
False
Let d(l) = l**2 + 6*l. Let t be d(-5). Is (-4477)/t + (-22)/55 composite?
True
Let d(j) = 7982*j + 23. Is d(3) prime?
False
Suppose 4*n + 4227 = l, 12681 = 3*l + 8*n - 5*n. Is l composite?
True
Let x = -13 + 16. Suppose -138 = -3*a + 3*p, x*p + 232 = 5*a - 0*a. Is a a prime number?
True
Is (1 - 4)*164670/(-90) prime?
False
Let n be (-1)/(-3) - (-11656)/24. Let d = n - 249. Suppose -3*r + 6*r = d. Is r a prime number?
True
Suppose 2*f + 2*f + 7751 = 3*t, 3*t - 7779 = -3*f. Suppose c + 2*c = t. Is c a prime number?
True
Let a(c) = -c - 6. Let s be a(-7). Let f(z) = -1 + 2 - 1 - s + 20*z. Is f(4) composite?
False
Let o(q) = 5*q**2 + 14*q + 22. Is o(9) a composite number?
True
Let s be (-10)/(-15)*3*1. Suppose s*w = -3*w + 2420. Suppose 3*q = 5*z + w, -q + 3*z = 4*q - 812. Is q a composite number?
False
Let a(t) = t**3 + 18*t**2 + 27*t + 19. Let m(g) = -g**3 - 17*g**2 - 28*g - 19. Let k(l) = 4*a(l) + 3*m(l). Is k(-13) prime?
False
Suppose 0 = 3*b + 15, 0*n - 3*b = n - 1. Suppose -r - n = -2333. Is r prime?
False
Is (23 - 21 - (-6)/(-4))*1346 prime?
True
Is 3/(-9) - (137328/9)/(-8) a prime number?
True
Is (4022/(-4))/(((-52)/56)/13) a composite number?
True
Let g = -32 + 54. Let z(b) = -2*b**3 + 4*b + 1. Let c be z(-4). Let p = c - g. Is p prime?
False
Suppose 18*g - 6357 = 21*g. Let p = g + 3596. Is p a prime number?
False
Suppose -2*y = 5*m - 4539, -4*m + 4*y + 0*y = -3620. Is m composite?
False
Let u(j) = -j**3 - 4*j**2 - 2*j + 2. Let a be u(-3). Is (-885)/a + 15 + -11 a composite number?
True
Let z = 100 + -98. Is ((-3)/9*-1)/(z/1914) composite?
True
Suppose -2*x - 30 = -l - 3*x, -3*x = -l + 46. Let y = 177 + l. Is y a composite number?
False
Suppose 4*x - 438 = -p, 3*x - 8*x + 2220 = 5*p. Suppose 10*o - p = 8*o. Is o a prime number?
True
Let h(b) = 2*b**3 + b**2 - 4. Let k be h(-2). Let c be 50*22*(-20)/k. Let a = c + -978. Is a prime?
True
Let j(k) = 635*k - 8. Is j(2) composite?
True
Let a = 105 + -34. Is a a composite number?
False
Suppose 10941 - 2385 = 12*v. Is v composite?
True
Let f(i) = -i**2 - 3*i - 2. Let y be f(-3). Let u be ((-4)/8)/(y/8). Suppose -u*o = -j + 131, -5*j + 5*o - 3*o + 615 = 0. Is j prime?
False
Suppose 3*v + 31*o = 36*o + 16652, -5*v - o = -27744. Is v prime?
False
Let d(h) = -5*h**2 - h - 1. Let s = 6 - 4. Let r be d(s). Let w = r - -37. Is w composite?
True
Let b be (0 + -3 + 1)*(2 + -1). Is 8/b*-1 - -559 prime?
True
Suppose -s + k = 2*s - 4, 40 = 5*s + 5*k. Let n = 3 - -3. Let v = n - s. Is v a composite number?
False
Let z(g) = -g**3 + 4*g**2 + 18*g + 32. Is z(-11) a composite number?
True
Let n = 5 - 5. Suppose 3 = 3*z - 3, -4*y - 5*z - 210 = n. Let h = y - -124. Is h a composite number?
True
Let g(k) = 154*k + 2. Suppose -2*b - 5*w = -3*b + 15, -2*b + 4*w = -18. Let d be g(b). Let j = 2039 - d. Is j a prime number?
False
Suppose 24498 = -111*t + 117*t. Is t a composite number?
True
Let i be (-16)/(-6)*(-3)/2. Suppose 0*g + 4 = -2*g. Is -1 - g - (i + -2) prime?
True
Suppose -6*f + 2641 = 979. Let j = 450 + f. Is j prime?
True
Let d = 7572 - 3269. Is d composite?
True
Let o be 5 + -1*3/1. Suppose 0 = -o*w - h - 153, h = -h - 10. Is (-6)/(1/(w/4)) a composite number?
True
Let w(v) = -v**3 - 17*v**2 - 26*v - 83. Is w(-24) prime?
False
Suppose 2*l - 34868 = 5402. Is l composite?
True
Suppose 0 = 25*m - 64*m + 1027689. Is m prime?
False
Let k(j) = -j + 7. Let q = 8 + -3. Let p be k(q). Suppose -7*s + p*s = -75. Is s composite?
True
Let o(b) = -34*b + 3. Let y be 99/(-15) + 6/10. Let r be o(y). Let m = r + -133. Is m prime?
False
Let d(z) = z**3 - 7*z**2 + 10*z - 22. Let s be d(7). Suppose -5*n = -s - 1987. Is n composite?
True
Let g(p) = 8*p**2 - 11*p - 7. Let s be g(6). Let h = -153 + s. Let q = 619 - h. Is q a composite number?
False
Suppose 0 = -12*j + 14*j + 822. Let w = j - -820. Is w composite?
False
Suppose 29*a + 124026 